0?
3
What is the millions digit of 441852904?
1
What is the ten millions digit of 12676620?
1
What is the tens digit of 141803082?
8
What is the hundreds digit of 3039067182?
1
What is the units digit of 72560717?
7
What is the hundred millions digit of 679507790?
6
What is the thousands digit of 294105589?
5
What is the ten millions digit of 189850123?
8
What is the ten millions digit of 128591159?
2
What is the hundred thousands digit of 2600209102?
2
What is the hundred thousands digit of 2293327003?
3
What is the tens digit of 36917597?
9
What is the ten thousands digit of 1545811750?
1
What is the hundred millions digit of 233285926?
2
What is the hundred millions digit of 100847804?
1
What is the millions digit of 131195301?
1
What is the ten thousands digit of 4155495724?
9
What is the units digit of 25431365?
5
What is the hundreds digit of 5697922?
9
What is the units digit of 3296756485?
5
What is the thousands digit of 2430201666?
1
What is the millions digit of 107049287?
7
What is the tens digit of 222525104?
0
What is the billions digit of 1937365104?
1
What is the tens digit of 1134448353?
5
What is the ten thousands digit of 9539844?
3
What is the thousands digit of 2785232056?
2
What is the hundred thousands digit of 1071808081?
8
What is the hundreds digit of 2180061343?
3
What is the hundreds digit of 51088635?
6
What is the billions digit of 1263415729?
1
What is the hundreds digit of 54941893?
8
What is the thousands digit of 68025793?
5
What is the tens digit of 55994718?
1
What is the tens digit of 34048626?
2
What is the hundred thousands digit of 3321330683?
3
What is the tens digit of 535679827?
2
What is the ten thousands digit of 34983113?
8
What is the hundreds digit of 659259910?
9
What is the hundred thousands digit of 220498176?
4
What is the tens digit of 114873726?
2
What is the billions digit of 4976648868?
4
What is the tens digit of 280406894?
9
What is the ten thousands digit of 28935059?
3
What is the hundred thousands digit of 22845207?
8
What is the units digit of 140842045?
5
What is the units digit of 1053168067?
7
What is the units digit of 337595520?
0
What is the thousands digit of 770770541?
0
What is the hundreds digit of 60754661?
6
What is the hundred thousands digit of 772556048?
5
What is the tens digit of 763609992?
9
What is the ten millions digit of 100741288?
0
What is the hundred millions digit of 468214629?
4
What is the billions digit of 2157429269?
2
What is the hundreds digit of 387056650?
6
What is the hundred millions digit of 496826202?
4
What is the tens digit of 40206148?
4
What is the units digit of 29993805?
5
What is the hundred thousands digit of 47012589?
0
What is the ten millions digit of 45649346?
4
What is the ten thousands digit of 178162885?
6
What is the hundreds digit of 193938762?
7
What is the units digit of 17312685?
5
What is the thousands digit of 2054877?
4
What is the ten millions digit of 1794223116?
9
What is the millions digit of 89565641?
9
What is the hundred millions digit of 191223967?
1
What is the millions digit of 54786899?
4
What is the hundred thousands digit of 2292033911?
0
What is the thousands digit of 99515929?
5
What is the thousands digit of 182917510?
7
What is the ten millions digit of 10796146?
1
What is the ten millions digit of 2671326099?
7
What is the hundred millions digit of 2153817387?
1
What is the thousands digit of 279020395?
0
What is the billions digit of 1089331912?
1
What is the ten millions digit of 165747363?
6
What is the ten millions digit of 35494962?
3
What is the hundred thousands digit of 50632203?
6
What is the ten millions digit of 104708377?
0
What is the thousands digit of 240728610?
8
What is the ten millions digit of 723354805?
2
What is the hundred thousands digit of 442614385?
6
What is the ten thousands digit of 3500028857?
2
What is the hundred millions digit of 1717241299?
7
What is the hundred thousands digit of 29489711?
4
What is the thousands digit of 69100606?
0
What is the thousands digit of 699380531?
0
What is the billions digit of 5313175453?
5
What is the units digit of 211764889?
9
What is the hundred thousands digit of 27841162?
8
What is the millions digit of 533587402?
3
What is the ten millions digit of 589941287?
8
What is the hundred millions digit of 826747564?
8
What is the hundreds digit of 90869905?
9
What is the units digit of 43839371?
1
What is the ten thousands digit of 22688994?
8
What is the hundred millions digit of 636980239?
6
What is the thousands digit of 32789942?
9
What is the tens digit of 954207886?
8
What is the hundreds digit of 5733184523?
5
What is the hundred millions digit of 297586150?
2
What is the hundred thousands digit of 400584638?
5
What is the thousands digit of 130812485?
2
What is the ten thousands digit of 239330515?
3
What is the millions digit of 46358263?
6
What is the units digit of 1761508335?
5
What is the tens digit of 345362849?
4
What is the ten millions digit of 27074360?
2
What is the millions digit of 460460438?
0
What is the ten thousands digit of 31899079?
9
What is the hundred millions digit of 533476071?
5
What is the thousands digit of 349622545?
2
What is the units digit of 1071607862?
2
What is the ten millions digit of 262923928?
6
What is the hundred millions digit of 1145470722?
1
What is the hundreds digit of 2182975598?
5
What is the thousands digit of 9791852?
1
What is the hundred millions digit of 1322607130?
3
What is the ten thousands digit of 1136009913?
0
What is the thousands digit of 1613117814?
7
What is the hundreds digit of 8624016433?
4
What is the millions digit of 869116846?
9
What is the thousands digit of 291575?
1
What is the units digit of 3839913312?
2
What is the ten millions digit of 266469830?
6
What is the thousands digit of 2200936779?
6
What is the thousands digit of 43784056?
4
What is the tens digit of 6398655?
5
What is the ten millions digit of 2318751810?
1
What is the tens digit of 84108106?
0
What is the ten thousands digit of 40107516?
0
What is the billions digit of 1651166286?
1
What is the ten thousands digit of 783299928?
9
What is the hundred thousands digit of 299868906?
8
What is the ten thousands digit of 436921660?
2
What is the units digit of 22703952?
2
What is the ten thousands digit of 14957338?
5
What is the hundreds digit of 1172827851?
8
What is the hundred thousands digit of 181377523?
3
What is the units digit of 236872372?
2
What is the billions digit of 1872963771?
1
What is the ten thousands digit of 152395361?
9
What is the tens digit of 280809836?
3
What is the hundred thousands digit of 1881815767?
8
What is the millions digit of 15050177?
5
What is the ten thousands digit of 49966238?
6
What is the ten millions digit of 110500391?
1
What is the hundred millions digit of 224070406?
2
What is the hundreds digit of 33064032?
0
What is the tens digit of 871879253?
5
What is the hundred thousands digit of 45208887?
2
What is the ten thousands digit of 3429834906?
3
What is the thousands digit of 81159143?
9
What is the hundreds digit of 121075007?
0
What is the units digit of 426372997?
7
What is the ten thousands digit of 207805275?
0
What is the thousands digit of 232822757?
2
What is the ten thousands digit of 2259780147?
8
What is the ten thousands digit of 254255329?
5
What is the thousands digit of 433392301?
2
What is the ten thousands digit of 874515505?
1
What is the tens digit of 274885284?
8
What is the hundred thousands digit of 1624900541?
9
What is the units digit of 73565112?
2
What is the units digit of 351522603?
3
What is the ten millions digit of 83407886?
8
What is the hundred millions digit of 188424992?
1
What is the units digit of 16504396?
6
What is the millions digit of 323964414?
3
What is the millions digit of 2000890344?
0
What is the thousands digit of 2996638731?
8
What is the units digit of 112950409?
9
What is the hundreds digit of 4331330048?
0
What is the hundreds digit of 44847999?
9
What is the hundred thousands digit of 25809768?
8
What is the tens digit of 1031427059?
5
What is the tens digit of 8114572161?
6
What is the hundred millions digit of 992666286?
9
What is the ten thousands digit of 688158560?
5
What is the thousands digit 